75/(-9))*(-3)/2?
7
Let f(o) = -o**3 + 6*o**2 + 6*o. Suppose 0*y = -3*y + 21. Let u be f(y). Let b(k) = -k**3 - 6*k**2 + 6*k + 10. What is the tens digit of b(u)?
1
Let j(u) be the first derivative of -87*u**2/2 + u - 2. Let c be j(1). What is the tens digit of c/(-5) + (-2)/10?
1
Suppose -5*f + 0*f - 128 = -3*j, -4*j = 5*f - 194. What is the units digit of j?
6
Let p be 2*(8 + -1 - 1). Let f = 30 - p. Let a = -10 + f. What is the units digit of a?
8
Let o = 16 + -13. Suppose -o*r - r = -48. What is the units digit of r?
2
What is the tens digit of (-3)/(-12) - ((-2778)/(-8))/(-3)?
1
What is the tens digit of (-438)/(-26) - (-2)/13?
1
Let p(f) = f**2 + 4*f + 28. What is the hundreds digit of p(9)?
1
Let q be ((-16)/(-12))/(2/3). Suppose -4*i + 4*p + 259 - 67 = 0, -p - 93 = -q*i. What is the tens digit of i?
4
What is the units digit of 1/(9/1339) + (-62)/(-279)?
9
Suppose 2*r - 12 = -2*r. Suppose -r*l + 3 = -0. What is the units digit of l?
1
Let k be 166/7 - 6/(-21). Suppose -s + k = 3*s. Let m = s - -2. What is the units digit of m?
8
Suppose -5*c + 3*a + 2*a + 85 = 0, 4*a = -c - 8. Suppose 0*d = 4*d + c. What is the units digit of ((-2)/d)/((-4)/(-48))?
8
Suppose 6*v - 2*v = 140. What is the tens digit of v?
3
Let n(m) = 0 - 3*m + 2*m**2 + 1 - 5. Let l be n(3). Let g = l - -6. What is the tens digit of g?
1
Suppose 2*x + 70 = -64. Let b = -42 - x. What is the units digit of b?
5
Suppose -g + 4*c = 10, 4*g + 4*c - 28 = 2*g. Let w = g + 9. What is the units digit of w?
5
Let x(t) = -5*t + 2 + 4 + 4*t. What is the tens digit of x(-5)?
1
Suppose s + s - 76 = 0. What is the tens digit of s?
3
What is the units digit of 6/(-8) - 115/(-4)?
8
Let k(l) = -l**3 - 4*l**2 - l + 8. Let n be k(-6). Suppose 0 = 5*o - n - 14. What is the tens digit of o?
2
Suppose -2*u - 10 = -3*u. Suppose 2*w + 6 + 0 = s, 2*w = 2*s - u. What is the units digit of s?
4
Suppose 3*u - 47 - 7 = 0. What is the tens digit of u?
1
Suppose 5*l - 2*q = -0*q + 20, -18 = -4*l + 2*q. Suppose -l*k + 12 = k. What is the units digit of k?
4
Let h(l) be the third derivative of l**5/60 - 5*l**4/24 + l**3/6 + 2*l**2. Let m be h(5). Let z(o) = o + 1. What is the units digit of z(m)?
2
Let a = 4 + 0. Let d = 7 - a. Let r = 5 - d. What is the units digit of r?
2
Let y = -31 - -243. What is the units digit of y?
2
Let h(m) = -m**2 + 8*m + 10. Suppose -2*q - 1 = 1. Let u(a) = -1. Let f(j) = q*h(j) - 6*u(j). What is the units digit of f(9)?
5
Suppose u + u = -8. Let j = u - -5. What is the units digit of j?
1
Suppose o + 2*w - w - 4 = 0, 5*w = -3*o + 12. Suppose 5*b = -2*q - 7, 1 = o*q + 2*b + 3*b. What is the units digit of q?
4
Let l = -12 + 51. What is the tens digit of l?
3
Let o(j) = 21*j**3 + 2*j - 1. Let i = -7 + 8. What is the tens digit of o(i)?
2
Let v(h) = h**3 - 5*h**2 + 7*h - 4. Let o(w) = 9*w**2 - 2*w - 1. Let d be o(-1). Suppose -2*j + p - 3*p = -d, 3*j + 2*p = 14. What is the units digit of v(j)?
8
Let v(j) = -j**2 - 26*j - 28. What is the tens digit of v(-24)?
2
Let k(r) = 3*r**2 + 1. Let w be k(-1). Let f(i) = -8 - 1 + 3 + 3*i. What is the units digit of f(w)?
6
Suppose s + m = 140, 0*m - m + 2 = 0. What is the units digit of s?
8
Let c(y) = 7*y**2 + 6*y. What is the units digit of c(-4)?
8
Let q(i) = i**2 - 2*i + 1. Let r = 1 + 2. What is the units digit of q(r)?
4
What is the tens digit of 29 - (0/(-1))/4?
2
Let l = 3 - -3. Suppose -2 = 2*v - l. What is the units digit of 1*14/v*1?
7
Suppose 5*k = 2*k + 105. Let q be (-2)/5*(0 - 55). Suppose z - q = -0*g - 4*g, -5*g = -5*z + k. What is the units digit of z?
0
Let w = -11 + 20. Let h(d) = -d**2 + 12*d + 2. Let z be h(11). Let x = z - w. What is the units digit of x?
4
Suppose 4*j = 0, 3*f + f = -j. Suppose f = -g + 3*g - 20. What is the tens digit of g?
1
Suppose 330 = 10*y - 0*y. What is the units digit of y?
3
Let u = -3 - -7. Let z(a) = -a + 9. What is the units digit of z(u)?
5
Suppose 4*a = 162 - 14. What is the units digit of a?
7
Suppose -2*m + 3*k - 26 = 0, -m + 3*k = 5 + 5. What is the units digit of (1 - 3)/(m/56)?
7
Suppose 0 = d - 37 - 15. What is the units digit of d?
2
Suppose 0 = -2*m + m - 5*g - 22, 0 = 3*m + 5*g + 76. Let r be m/(-6)*8/6. What is the units digit of 14/6 + (-2)/r?
2
What is the tens digit of ((-34)/2)/((-2)/6)?
5
Suppose 0 = -s + 10*s - 3303. What is the tens digit of s?
6
Suppose -50 = 5*n - 805. What is the tens digit of n?
5
What is the tens digit of ((-5)/((-10)/92))/2?
2
Let p = 85 - 13. What is the tens digit of p?
7
Let j = 58 + -8. What is the units digit of j?
0
Suppose -5*s + 0*s = 15, 5*s - 81 = -4*j. What is the tens digit of j?
2
What is the hundreds digit of -26*(-8)/12*99/12?
1
Suppose -3*o - 8 = d + 33, -2*o - 14 = -2*d. Let g = -25 - o. Let r = 19 + g. What is the units digit of r?
6
Suppose 708 = 3*i - 4*g, -g = i - 4*g - 241. What is the units digit of i?
2
Suppose -12 = -h - 2*h, 5*h = 4*u - 540. What is the hundreds digit of u?
1
Suppose -2*p + 10 = -7*p. Let v = p + 0. Let y = 1 - v. What is the units digit of y?
3
Let u(j) = -9*j + 29. What is the units digit of u(3)?
2
What is the units digit of 24/14 - 12/(-42)?
2
Suppose -2*c + 2145 = 3*c - 5*j, 0 = -4*c + 5*j + 1715. What is the units digit of c?
0
Let k(t) = t**2 + t + 2. Suppose 0*h - 6 = -2*h. What is the tens digit of k(h)?
1
Suppose 10*i = 2*i + 232. What is the tens digit of i?
2
Let i(j) = -j**2 + 9*j - 10. Let x be i(7). Suppose 0 = -5*n + 2*c - 3 + 39, -3*n + x*c + 30 = 0. What is the units digit of n?
6
Let o = 5 + -8. Let h be 1/o*9/(-3). Suppose -2*w - 2*d = -14, -2*w - 3*d = h - 13. What is the units digit of w?
9
Suppose -m - v + 7 = 2, -v + 5 = -2*m. What is the tens digit of (m - 82)/(0 - 2)?
4
Suppose -5*z - 93 = -278. What is the tens digit of z?
3
Let y = 487 - 299. What is the hundreds digit of y?
1
Let z = 13 + -8. Suppose -10 = -2*r - 2, -z*k = -5*r - 45. What is the tens digit of k?
1
Let n(t) = -2*t - 5. Suppose w - 3*g = -4, -g + 20 = -5*w + 4*g. Let z be n(w). Suppose l - d + z = 0, -3*d + 10 = 3*l - 11. What is the units digit of l?
2
Suppose 0 = 2*h + 2*h - 16. Suppose -3*n + 34 = -q + 3*q, -4*q - h = 0. What is the tens digit of n?
1
Let o(s) = s - 6. Suppose 2*d = -5*y + 8, 4*y + 0*y = 0. Let g be o(d). What is the units digit of (-10)/(-3) - g/3?
4
Let d = 43 + -41. What is the units digit of d?
2
Suppose -5 = 3*z + 13. What is the tens digit of 78/4 - z/4?
2
Let c(p) = p**2 + 2*p + 2. Let s be c(-2). Suppose s*w = w. Suppose 0 = -4*x - w*x + 40. What is the tens digit of x?
1
Let h(y) = 5*y**3 + 3*y**2 - y - 1. Let s(t) = -14*t**3 - 9*t**2 + 4*t + 2. Let i(n) = -11*h(n) - 4*s(n). Let a = -6 - -2. What is the units digit of i(a)?
7
Let y(u) = u**2 - 3*u + 1. Let b be y(3). Let d be (-5)/b - (-4 + 5). What is the units digit of (-18)/d*(-1)/(-1)?
3
Let x(c) = c**3 - 15*c**2 + 16*c - 12. Let l be x(14). Let n = l + -5. Suppose -10*p - 4 = -n*p. What is the units digit of p?
4
Suppose 18 + 97 = 5*q. What is the tens digit of q?
2
Let o(f) = f - 4 - 3 + 2. Let t be o(5). Suppose t = 2*v, -h + 4 = -4*v - 0. What is the units digit of h?
4
Let l(w) = w**2 - 13*w + 4. Let m be l(14). What is the units digit of (0 - -2)/(m/81)?
9
Suppose -2*u + 4*u - 6 = 0. Let s(t) = 3 - 2*t**u + 0 + t**3 - 2*t**2 + 2*t. What is the units digit of s(-3)?
6
Let o = -4 + 6. Suppose -4*c - 2*j + 13 + 3 = 0, -j = -c - 2. What is the units digit of 6 - (4/o)/c?
5
Suppose 0*i + 4*i = 0. Suppose 0 = 5*k - w - 32, i*k - 3*w + 18 = 4*k. What is the units digit of k?
6
Suppose a = 6*a - 45. Let d be 6/(-24) - 15/4. Let t = a + d. What is the units digit of t?
5
What is the units digit of 117/6*(-40)/(-15)?
2
What is the units digit of -116*(-4)/((-32)/(-6)) - -3?
0
Suppose 0*k + 3*k = 81. What is the units digit of (-2)/9 + 1275/k?
7
Let l = -51 + 75. What is the tens digit of l?
2
Let g(i) = -6*i**3 + 6*i**2 + 6*i. Let y(p) = p**3 - p**2 - p. Let v(b) = -g(b) - 5*y(b). Suppose 4*l + 1 - 9 = 0. What is the units digit of v(l)?
2
Let p(h) = h**2 - 2*h - 9. Let t be p(4). What is the units digit of (-3)/(3*t/44)?
4
Suppose 3*y - 32 = 10. Suppose y = 2*j - 2*t - 2*t, 5*j + 2*t = -25. Let r(c) = c**3 + 3*c**2 - 2*c - 2. What is the units digit of r(j)?
4
Let m be 2 - (-2 + (-96)/(-3)). Let o = m - -46. What is the units 